
24605343
Convert -100020122102 (base 3) to base 6.
-3522315
37c6a (base 14) to base 11
93947
17cd2 (base 16) to base 2
10111110011010010
What is -1a3287 (base 11) in base 12?
-130527
What is 58b46 (base 12) in base 2?
11101000101100110
Convert 111000010111100001 (base 2) to base 12.
b1741
What is -3146b7 (base 16) in base 15?
-43bcb2
-1424422 (base 6) to base 15
-1919e
33032122 (base 4) to base 12
3010a
Convert 29708 (base 11) to base 2.
1010010010000100
-544501222 (base 6) to base 4
-211022310032
What is 225520 (base 11) in base 3?
200012222221
Convert 336ed (base 15) to base 10.
163573
Convert -b8d15c (base 14) to base 8.
-27701216
10112541 (base 6) to base 14
777ad
Convert 42376 (base 11) to base 7.
344542
Convert 5322100 (base 6) to base 7.
2131023
Convert -15ab67 (base 16) to base 15.
-1d0baa
-692a21 (base 12) to base 9
-3146667
-446630 (base 8) to base 14
-3d012
What is a7aa5 (base 15) in base 9?
1001132
What is -23737001 (base 8) in base 7?
-62264052
Convert -363316 (base 7) to base 15.
-14861
Convert -5b478 (base 14) to base 7.
-1616411
Convert -30410f (base 16) to base 10.
-3162383
Convert -13942f (base 16) to base 8.
-4712057
512219 (base 11) to base 2
11001000111000100100
What is 1321411140 (base 5) in base 16?
32825a
2690061 (base 12) to base 14
103270d
Convert -6543115 (base 10) to base 5.
-3133334430
-21032222 (base 5) to base 15
-36892
4224224323 (base 5) to base 13
1a9aaaa
What is -884756 (base 11) in base 9?
-2581521
101321130020 (base 4) to base 3
22211100211102
Convert 94701 (base 10) to base 6.
2010233
Convert 39dc87 (base 15) to base 2.
1010100110110100100100
Convert 32087 (base 11) to base 12.
23020
Convert -334408 (base 14) to base 5.
-421143423
What is -9575230 (base 10) in base 16?
-921b3e
-480525 (base 10) to base 7
-4040643
7fd30 (base 16) to base 8
1776460
Convert -596773 (base 10) to base 6.
-20442501
What is -1d9c19 (base 14) in base 15?
-160538
a0349 (base 14) to base 9
645770
Convert a74945 (base 11) to base 8.
6436243
Convert 1210332231 (base 4) to base 13.
116355
Convert -100101000111100010 (base 2) to base 4.
-211013202
Convert -207511 (base 10) to base 13.
-735b5
Convert 124002141 (base 6) to base 8.
11203355
What is -112121021112002 (base 3) in base 2?
-11101100110101011001001
Convert -10110010101101101 (base 2) to base 16.
-1656d
What is -769a53 (base 16) in base 3?
-112121220012211
Convert 3ab33 (base 12) to base 10.
81111
Convert -305651 (base 7) to base 2.
-1100110011110010
Convert 4257188 (base 11) to base 8.
34447015
Convert -236340 (base 9) to base 5.
-14024214
Convert 7aeea (base 16) to base 15.
9e2da
What is -4404403 (base 6) in base 11?
-13a384
-1165534 (base 7) to base 12
-73367
Convert -7814538 (base 11) to base 12.
-4711bb6
19aa725 (base 11) to base 12
1170b52
What is -1d6fca (base 16) in base 6?
-105203150
Convert 20dc8 (base 16) to base 7.
1100264
What is -100011100000100010101011 (base 2) in base 8?
-43404253
Convert 72821 (base 10) to base 5.
4312241
-100100131 (base 5) to base 11
-249952
-42024222 (base 5) to base 4
-1110113122
What is -962510 (base 10) in base 3?
-1210220022112
312553 (base 15) to base 3
11101201100120
What is 1212200120 (base 3) in base 15?
ae36
What is 3564 (base 9) in base 13?
128b
1100100001110100011 (base 2) to base 6
12444335
What is 101e42 (base 15) in base 16?
bb00a
Convert -4542b3 (base 12) to base 11.
-696237
Convert -101000000101100101 (base 2) to base 4.
-220011211
What is -117144 (base 10) in base 3?
-12221200200
Convert -1315534 (base 7) to base 5.
-21004311
-100032 (base 4) to base 14
-542
-102023023210 (base 4) to base 13
-caa785
100110000002201 (base 3) to base 13
1069783
Convert -21043406 (base 7) to base 3.
-10100012121212
2214224 (base 5) to base 8
113441
What is 442770 (base 13) in base 14?
2dad2c
What is -5150500 (base 6) in base 4?
-330132210
267d89 (base 14) to base 3
2111110200222
Convert -247740 (base 12) to base 11.
-376112
5685425 (base 9) to base 14
59c0d5
What is -430370 (base 11) in base 16?
-a81b7
Convert 7ec70e (base 15) to base 11.
3473908
What is 1162670 (base 9) in base 15?
c7343
What is 14227158 (base 9) in base 8?
32700106
Convert -1bb0ac (base 13) to base 11.
-445299
What is 403532230 (base 6) in base 2?
11010010100111111011010
Convert -799577 (base 10) to base 9.
-1447728
What is -11102121121 (base 3) in base 16?
-1549f
What is -913d5 (base 14) in base 11?
-219452
Convert -21320020 (base 4) to base 9.
-61441
-306750 (base 10) to base 6
-10324050
What is 614426 (base 10) in base 8?
2260032
Convert -101858 (base 14) to base 16.
-84606
What is 23c9833 (base 14) in base 12?
58b6571
1432243 (base 6) to base 14
21d3d
What is -486922 (base 14) in base 10?
-2476882
24565c (base 15) to base 2
110101000101100101010
13705 (base 11) to base 2
100110000011110
What is 34660030 (base 7) in base 2?
1011101010001101101110
What is -1a9b4 (base 15) in base 4?
-111020221
2a393 (base 14) to base 12
50911
-3033535 (base 6) to base 8
-432503
What is 20122211022222 (base 3) in base 12?
1228415
What is 486836 (base 11) in base 9?
1403616
131311201322 (base 4) to base 2
11101110101100001111010
What is 121002220021 (base 3) in base 10?
317041
Convert -4345714 (base 8) to base 16.
-11cbcc
Convert -80b10a (base 12) to base 9.
-3702851
2010100102 (base 3) to base 15
c5c2
What is 2055325 (base 6) in base 5?
11212442
Convert 28219 (base 15) to base 16.
1f6d4
Convert 125342032 (base 6) to base 2.
1001100010110001100100
Convert 20200200222 (base 3) to base 6.
2453512
-23a205 (base 11) to base 2
-1011100101010111110
Convert -12200200201002 (base 3) to base 14.
-58a652
-1405223 (base 6) to base 13
-29c04
What is 6126166 (base 7) in base 12?
2b230a
What is 15adbc (base 14) in base 7?
6313625
What is 1100001110000100110 (base 2) in base 15?
7d99c
-215520 (base 8) to base 4
-101231100
58852 (base 9) to base 5
2224312
-201200012201 (base 3) to base 8
-1364265
What is -49444 (base 14) in base 16?
-2bc04
Convert 5324302 (base 6) to base 13.
91565
What is -31010301 (base 6) in base 14?
-1917d3
3234002 (base 5) to base 7
320546
What is -1734ea (base 15) in base 2?
-100010010101010000011
Convert -258c9 (base 16) to base 3.
-21210222100
What is -12d9a (base 16) in base 14?
-201d0
What is -20390 (base 14) in base 3?
-10221101002
Convert 100231223 (base 4) to base 2.
10000101101101011
What is -61027 (base 8) in base 10?
-25111
Convert 31111211 (base 4) to base 9.
82838
Convert 7370426 (base 9) to base 7.
45343053
What is 45413225 (base 6) in base 12?
56a215
-1012001112 (base 3) to base 9
-35045
Convert -22222000201 (base 3) to base 15.
-37427
42317 (base 12) to base 10
86851
-91a23 (base 16) to base 15
-bbb2a
23502003 (base 6) to base 9
1345833
What is 222001000211 (base 3) in base 2?
1111101000111111101
Convert -5b7625 (base 14) to base 12.
-1070695
94a339 (base 13) to base 14
6678d8
Convert -1324302212 (base 5) to base 3.
-20022101001012
101100111101011011011 (base 2) to base 16
167adb
What is dc6827 (base 15) in base 7?
155155336
What is -120221322 (base 4) in base 8?
-305172
-67b39 (base 12) to base 3
-21000111100
What is 112020443 (base 5) in base 8?
1723175
Convert 24530151 (base 6) to base 16.
c0b53
Convert -11482427 (base 10) to base 7.
-166412315
Convert -c4553 (base 13) to base 16.
-560b1
What is -41583 (base 11) in base 4?
-32302233
3021023 (base 4) to base 2
11001001001011
Convert -2166710 (base 8) to base 11.
-36a704
12406 (base 15) to base 9
87846
-bb98c (base 14) to base 5
-104022043
Convert -3d2dae (base 15) to base 3.
-12112200021102
What is 2bd757 (base 14) in base 12?
620615
31346731 (base 8) to base 4
121130313121
26144 (base 8) to base 12
66b0
2211021211 (base 3) to base 16
d93f
12122340312 (base 5) to base 6
1225403325
-213652 (base 8) to base 13
-26783
Convert 10020 (base 7) to base 4.
211233
What is -10555543 (base 6) in base 2?
-1001111101110110111
What is -96de0a (base 15) in base 9?
-14461161
Convert 2291d (base 15) to base 10.
110053
334244443 (base 5) to base 12
5b348b
What is 212122100110100 (base 3) in base 5?
11204032043
Convert 10194 (base 10) to base 16.
27d2
b5923c (base 14) to base 5
3032231121
What is -1d4aaa9 (base 14) in base 4?
-320011331031
6883 (base 10) to base 8
15343
Convert 102111102201000 (base 3) to base 2.
1011101001111000011